1568 is divided by 493.
10
Calculate the remainder when 768 is divided by 371.
26
What is the remainder when 2549 is divided by 15?
14
What is the remainder when 17944 is divided by 2504?
416
Calculate the remainder when 40888 is divided by 254.
248
What is the remainder when 100777 is divided by 260?
157
What is the remainder when 5326360 is divided by 161?
158
Calculate the remainder when 2211235 is divided by 40.
35
What is the remainder when 1855293 is divided by 1241?
1239
Calculate the remainder when 43458 is divided by 41.
39
What is the remainder when 80375 is divided by 95?
5
What is the remainder when 19809 is divided by 6598?
15
Calculate the remainder when 20424 is divided by 292.
276
What is the remainder when 45757 is divided by 65?
62
What is the remainder when 22025 is divided by 1400?
1025
What is the remainder when 4599 is divided by 2295?
9
Calculate the remainder when 16077 is divided by 29.
11
What is the remainder when 3111 is divided by 56?
31
What is the remainder when 2067 is divided by 256?
19
What is the remainder when 12624 is divided by 420?
24
Calculate the remainder when 1645 is divided by 41.
5
Calculate the remainder when 57358 is divided by 96.
46
What is the remainder when 461339 is divided by 132?
131
What is the remainder when 66696 is divided by 16674?
0
What is the remainder when 54068 is divided by 1317?
71
Calculate the remainder when 4037 is divided by 119.
110
Calculate the remainder when 234723 is divided by 328.
203
Calculate the remainder when 117902 is divided by 307.
14
What is the remainder when 6798 is divided by 28?
22
Calculate the remainder when 744 is divided by 87.
48
Calculate the remainder when 1721 is divided by 345.
341
Calculate the remainder when 13505 is divided by 1497.
32
What is the remainder when 391074 is divided by 120?
114
What is the remainder when 4599 is divided by 382?
15
What is the remainder when 7706 is divided by 2567?
5
What is the remainder when 1555 is divided by 318?
283
What is the remainder when 5664 is divided by 552?
144
Calculate the remainder when 53511 is divided by 15.
6
What is the remainder when 830 is divided by 409?
12
Calculate the remainder when 23184 is divided by 7614.
342
Calculate the remainder when 15389 is divided by 37.
34
What is the remainder when 3499 is divided by 320?
299
What is the remainder when 221000 is divided by 877?
873
Calculate the remainder when 1750206 is divided by 18.
12
Calculate the remainder when 10263 is divided by 1450.
113
What is the remainder when 3631409 is divided by 1285?
1284
Calculate the remainder when 11953 is divided by 5916.
121
What is the remainder when 21290 is divided by 5320?
10
Calculate the remainder when 64032 is divided by 16006.
8
Calculate the remainder when 669 is divided by 30.
9
Calculate the remainder when 38029 is divided by 14.
5
Calculate the remainder when 1242 is divided by 636.
606
Calculate the remainder when 65575 is divided by 32783.
9
Calculate the remainder when 2005 is divided by 450.
205
What is the remainder when 36508 is divided by 730?
8
What is the remainder when 121086 is divided by 15?
6
Calculate the remainder when 6033 is divided by 17.
15
Calculate the remainder when 16332 is divided by 172.
164
What is the remainder when 11268 is divided by 11?
4
What is the remainder when 1681 is divided by 537?
70
What is the remainder when 12342 is divided by 395?
97
Calculate the remainder when 56151 is divided by 1123.
1
Calculate the remainder when 43824 is divided by 6252.
60
Calculate the remainder when 20700 is divided by 39.
30
What is the remainder when 109225 is divided by 1883?
11
Calculate the remainder when 18951 is divided by 902.
9
Calculate the remainder when 1309196 is divided by 81.
74
Calculate the remainder when 39927 is divided by 17.
11
Calculate the remainder when 69585 is divided by 37.
25
What is the remainder when 3524 is divided by 41?
39
What is the remainder when 7569 is divided by 3769?
31
Calculate the remainder when 3797 is divided by 1258.
23
Calculate the remainder when 19219 is divided by 18.
13
Calculate the remainder when 54505 is divided by 3206.
3
What is the remainder when 61179 is divided by 266?
265
Calculate the remainder when 1923 is divided by 256.
131
Calculate the remainder when 9758 is divided by 175.
133
What is the remainder when 659319 is divided by 407?
386
What is the remainder when 674231 is divided by 28?
19
What is the remainder when 610 is divided by 425?
185
Calculate the remainder when 93483 is divided by 553.
26
What is the remainder when 4884987 is divided by 1624?
1619
Calculate the remainder when 9571 is divided by 3104.
259
Calculate the remainder when 70346 is divided by 8.
2
What is the remainder when 27348 is divided by 50?
48
Calculate the remainder when 1381286 is divided by 46.
44
What is the remainder when 57 is divided by 7?
1
Calculate the remainder when 58851 is divided by 23.
17
What is the remainder when 16205 is divided by 242?
233
What is the remainder when 46727 is divided by 198?
197
Calculate the remainder when 2273663 is divided by 4.
3
What is the remainder when 2053 is divided by 918?
217
What is the remainder when 5219 is divided by 5174?
45
Calculate the remainder when 12222 is divided by 260.
2
Calculate the remainder when 1370 is divided by 1359.
11
Calculate the remainder when 1265 is divided by 97.
4
Calculate the remainder when 235292 is divided by 39212.
20
Calculate the remainder when 1606 is divided by 134.
132
What is the remainder when 64731 is divided by 41?
33
Calculate the remainder when 1027 is divided by 910.
117
What is the remainder when 14038 is divided by 192?
22
What is the remainder when 16808 is divided by 150?
8
Calculate the remainder when 658 is divided by 248.
162
Calculate the remainder when 665 is divided by 164.
9
Calculate the remainder when 7136 is divided by 162.
8
Calculate the remainder when 7940 is divided by 178.
108
What is the remainder when 2697 is divided by 708?
573
What is the remainder when 1162 is divided by 90?
82
Calculate the remainder when 3391 is divided by 125.
16
Calculate the remainder when 194049 is divided by 143.
141
What is the remainder when 37433 is divided by 5?
3
Calculate the remainder when 3798 is divided by 1234.
96
Calculate the remainder when 118991 is divided by 59493.
5
What is the remainder when 70595 is divided by 17648?
3
What is the remainder when 33535 is divided by 82?
79
Calculate the remainder when 3730 is divided by 132.
34
Calculate the remainder when 4805820 is divided by 1862.
1860
What is the remainder when 18578 is divided by 413?
406
What is the remainder when 72536 is divided by 14501?
31
What is the remainder when 26227 is divided by 477?
469
Calculate the remainder when 14495 is divided by 372.
359
What is the remainder when 361767 is divided by 40193?
30
Calculate the remainder when 101041 is divided by 38.
37
What is the remainder when 41340 is divided by 213?
18
What is the remainder when 156965 is divided by 11?
6
What is the remainder when 3834 is divided by 3813?
21
What is the remainder when 55705 is divided by 47?
10
Calculate the remainder when 4834 is divided by 3346.
1488
Calculate the remainder when 127789 is divided by 482.
59
Calculate the remainder when 3812 is divided by 1015.
767
Calculate the remainder when 37705 is divided by 366.
7
What is the remainder when 49866 is divided by 30?
6
What is the remainder when 27866 is divided by 27835?
31
What is the remainder when 15916 is divided by 364?
264
Calculate the remainder when 247936 is divided by 1922.
1920
What is the remainder when 29324 is divided by 139?
134
Calculate the remainder when 6267 is divided by 667.
264
Calculate the remainder when 127047 is divided by 66.
63
Calculate the remainder when 93389 is divided by 86.
79
Calculate the remainder when 875 is divided by 48.
11
What is the remainder when 5297 is divided by 2568?
161
Calculate the remainder when 8760 is divided by 34.
22
What is the remainder when 23074 is divided by 23?
5
Calculate the remainder when 121304 is divided by 2821.
1
Calculate the remainder when 75908 is divided by 130.
118
What is the remainder when 14062 is divided by 3515?
2
Calculate the remainder when 19499 i